 = 1406 + -747. Is f composite?
False
Suppose 0 = -2*y - 8 + 2. Is (0 - y*73) + 2 prime?
False
Let s be 1/(-4) - (-2149)/(-28). Let b = s - -710. Is b composite?
True
Suppose 5*p + 4*h - 45 = 2*p, 2*p = -4*h + 26. Is p composite?
False
Let g(o) = 3*o**2 + 15*o + 13. Suppose v = j - 10, -3*v = -5*v - 5*j - 27. Is g(v) a composite number?
False
Let j(a) = -2*a**3 - 18*a**2 - a - 10. Let i be j(-9). Let s(k) = 0*k**2 + 13*k**3 - 49*k**3 + k + 2*k**2. Is s(i) composite?
False
Let v be ((-688)/48)/(1/(-15)). Suppose v = 2*q - 75. Is q composite?
True
Suppose 0 = -9*r + 5*r + 268. Is r a composite number?
False
Suppose 0*x = 4*x + 24. Let r(p) = 4*p**2 + 3*p - 5. Is r(x) a prime number?
False
Let n be 1 - (-2 + 594/3). Let u = -106 - n. Is u composite?
False
Suppose -4*j = -423 - 1061. Is j a prime number?
False
Let a = -305 + 484. Is a composite?
False
Let p(g) = 111*g - 19. Is p(6) composite?
False
Let j(b) = 5*b**2 - 20*b - 2. Is j(9) composite?
False
Suppose 142 = f + 36. Is f a prime number?
False
Let j(x) be the third derivative of -x**7/2520 - x**6/72 + x**5/60 + x**4/12 + x**2. Let z(u) be the second derivative of j(u). Is z(-6) a prime number?
False
Let d = 206 - 147. Is d a prime number?
True
Let y(g) = 5 + 2*g**2 - 3*g + 8*g**3 + 1 - 3 + 0*g**3. Is y(2) prime?
False
Let m be -1*(-2 - -1) + -10. Let a be 2/m + (-58)/(-18). Is ((-1)/a)/((-1)/381) prime?
True
Let c(b) = 1 + 17*b - 2 - 2 - b**2. Let f be c(7). Let z = -32 + f. Is z a composite number?
True
Let h(w) be the first derivative of -w**4/4 - 7*w**3/3 + 7*w**2 + w - 1. Let j = -8 + -2. Is h(j) a prime number?
False
Let n(b) = 11*b + 11. Let a be (0 - -2)/(3/9). Is n(a) a prime number?
False
Suppose f - 2 = 5. Let j(s) = -s**2 + 18*s - 10. Is j(f) composite?
False
Suppose 200 = 8*w - 3*w. Suppose n + 5 = w. Is n a prime number?
False
Suppose -2*y - 10907 = -7*y + 3*r, 2*y - 2*r - 4366 = 0. Is y prime?
True
Suppose 0 = -f + 2*p + 6 - 1, 5*f - 49 = 4*p. Suppose b + 4*z = -b + 14, 0 = 3*b - z - 7. Suppose b*l + 12 = 0, 2*r = -3*l + f + 25. Is r composite?
True
Is (-134)/2*-1 - 2 prime?
False
Let f(w) = -w**3 + 2*w**2 + 5*w - 5. Is f(-5) a composite number?
True
Let u be (-3)/((-5)/(-4) + -2). Suppose 5*l - u*w = 341, -2*l + 2*w = -0*l - 138. Is l a prime number?
False
Let v be (-2 - (1 + -3)) + 1. Is v + (-4 - -2) + 90 a prime number?
True
Suppose 0 = 3*m - 439 - 92. Is m a prime number?
False
Let t be (65/(-3))/(3/9). Let o be (-327)/(-13) - (-10)/t. Let i = o + 42. Is i composite?
False
Let z = 1194 - 553. Is z prime?
True
Let g(v) = 3*v**2 + v + 2. Is g(17) a prime number?
False
Let y be (-35 + 2)/(-1) + -1. Let s be (-8)/y - 81/(-4). Let n = s + 13. Is n composite?
True
Let j(d) = -d + 163. Let p = -5 - -5. Let s be j(p). Suppose 21 = -2*m + s. Is m a prime number?
True
Let b = 3 + -1. Suppose b = -i - 2. Is (-1)/((4/65)/i) a prime number?
False
Suppose -5*y = -14*y + 1746. Is y a prime number?
False
Suppose 20*b = 12*b + 6168. Is b a composite number?
True
Suppose -3*w - 4*u - 980 = 0, 0 = w - 2*u + 189 + 151. Suppose -3*o - 2*r + 3*r - 619 = 0, 631 = -3*o + 4*r. Let p = o - w. Is p a composite number?
False
Suppose 5*l - 10 = 0, 0 = 3*m + 4*l - 4857 - 122. Is m a prime number?
True
Let c = 144 + 43. Is c a prime number?
False
Suppose -q + 5*x - 28 = 0, q - 7*x + 25 = -3*x. Let m = q + 51. Is m a prime number?
False
Suppose 5*u + 162 = 4*b, -b + 4*u + 13 = -33. Suppose -4*y = -3*s + 8*s - 290, -5*y + 2*s + 379 = 0. Let k = y - b. Is k composite?
False
Let q be 0 + 2 - (-1 + 1). Let f be (1/1)/(q/4). Suppose -i - 109 = -f*a, 5*a + 5*i - 306 = -56. Is a composite?
False
Let k = -23 + 29. Suppose t + o - 131 = -23, 0 = -2*o - k. Is t composite?
True
Let h(p) be the third derivative of p**5/60 - 3*p**4/8 + 3*p**3/2 + 2*p**2. Let c be (-62)/(-6) + 10/(-30). Is h(c) prime?
True
Suppose -158 = -b + 309. Is b prime?
True
Let a(m) = -12*m**2 - 5*m - 3. Let k be a(-8). Let h = k + 1176. Is h a prime number?
False
Suppose r + 2717 = 6*r - 4*m, -2*m = 6. Is r a composite number?
False
Let v(u) = 5*u**2 - 28*u - 6. Is v(-11) composite?
False
Let x(r) = -3*r + 30. Let s(q) = q - 10. Let f(m) = 8*s(m) + 3*x(m). Suppose 0*l = -2*l. Is f(l) a composite number?
True
Suppose 4*c = -q + 1614, 1610 = 4*c - 0*c - q. Is c a prime number?
False
Let h be (4/(-5))/((-2)/10). Let v(k) = 8*k**3 - k**2 - k. Let o be v(-1). Is h/16 - 78/o a composite number?
True
Let p(w) = -w**3 + 7*w**2 - 6*w - 8. Let i be p(6). Let o = 8 + 0. Is (58 - 1) + i + o prime?
False
Suppose 0 = -2*k + 11*k - 13329. Is k prime?
True
Let p(g) = 87*g**3 - g**2 + 2*g - 1. Let f = 0 - -1. Is p(f) prime?
False
Suppose 5*q - 19 = 6. Is q - -393 - (0 - -3) a prime number?
False
Let m(v) = -4*v**3 - 6*v**2 + 6*v - 1. Is m(-5) prime?
False
Suppose -3*o + 25 = 2*o, -5*x + 5*o + 3880 = 0. Is x composite?
True
Suppose 5 + 3 = 2*p. Let o(f) = 2*f + 1. Let z be o(-1). Is -44*(z + 2/p) prime?
False
Let a be 2/(-4) + (-2)/(-4). Suppose a = -o - 0*o. Is -2 + (25 - (o - 0)) a prime number?
True
Suppose -5*w = -3*g - 75, g + 15 = w - 0*g. Is w composite?
True
Let z(h) = -h + 15. Is z(-8) a prime number?
True
Suppose -9*f + 3926 = -3859. Is f composite?
True
Suppose 19*w = 17*w + 878. Is w composite?
False
Suppose 6*v - 5702 = -404. Is v composite?
False
Is (-3)/(-2)*404/2 a composite number?
True
Let i(w) = w**3 + 12*w**2 - 5*w + 9. Is i(-12) composite?
True
Let i be 0/(-1*(-2)/(-2)). Is -1 - (-468 + (-2 - i)) a prime number?
False
Let l(s) = -1 - 4 + 3 + 3*s + 2*s. Is l(3) a prime number?
True
Suppose 3 - 9 = -2*y. Suppose -y*g - 2*g = -2*s - 3385, 5*g - 3*s = 3385. Is g composite?
False
Let s(n) = -2*n**2 + n - 1. Let b be s(2). Let t(o) = 2*o**2 + 6*o + 5. Let c be t(b). Suppose 0*h - 3*i + c = 2*h, 0 = -2*h - i + 67. Is h composite?
True
Let g(j) = 24*j + 7. Is g(2) a composite number?
True
Suppose -8 = 4*k, 5*k = u - 60 - 19. Is u a prime number?
False
Let h(s) = 2*s**2 + 12*s - 20. Let t be h(14). Suppose -5*q + t = -115. Is q a composite number?
False
Suppose 0*p = 3*p. Let h be (-1 - p/3)/(-1). Is -1*(-57 - (h - 0)) a prime number?
False
Let o(v) = -5*v**3 - 6*v**2 - 7*v - 13. Let l(z) = -4*z**3 - 7*z**2 - 8*z - 12. Let m(y) = -4*l(y) + 3*o(y). Let x = 18 + -26. Is m(x) composite?
True
Let r = 56 + -292. Let k = -87 - r. Is k a composite number?
False
Suppose -3*j + 3*p = 828, -5*j - 1115 - 268 = -2*p. Let y = j - -410. Is y a prime number?
False
Suppose 5*h + 6 = -3*t + t, -5*h = 10. Is (1 + 105)/t + 2 a prime number?
False
Let w(d) = d**3 + 7*d**2 + 4*d + 3. Let o = -11 - -5. Let i be w(o). Suppose i = 5*r, -f + 3*r = 2*f - 96. Is f a prime number?
False
Suppose 4*c = -o - 11, 0 = c - 3*o - o + 24. Let i(u) = 107*u + 3. Let j be i(c). Is (-2)/8 + j/(-4) a prime number?
False
Let n = -4 - -7. Suppose 594 = -n*t + 135. Let s = 272 + t. Is s a composite number?
True
Let q(b) = 33*b**2 + 5*b - 7. Suppose -2*x = -2*c - 12, -c + 5*c + x + 14 = 0. Is q(c) a prime number?
False
Let i(k) be the first derivative of -33*k**2/2 + 7*k + 3. Let o be i(-5). Suppose -w + 3*d = -62, 0*w + o = 3*w + 5*d. Is w a composite number?
False
Let l be 1/(-2)*-2 - -1. Suppose -3*p + 5*t + 205 = l*p, 41 = p + 2*t. Suppose -4*x - h + 319 = 0, 4*x - 287 = -4*h + p. Is x composite?
False
Is 4*(-3)/54 + (-5663)/(-9) prime?
False
Let i(d) = d**2 - 2. Let q be i(-2). Let a = 18 + -19. Is a/q*(-76)/2 a composite number?
False
Suppose 4093 = 2*k - 3*j, -5*k - 3*j - j = -10267. Is k prime?
False
Let k(h) = -10*h**3 + 9*h**2 + 13*h - 11. Is k(-6) a prime number?
False
Let f(a) = 11*a**2 + 6*a - 5. Is f(-6) prime?
False
Is ((-2)/(-1) - -1040)*10/4 a composite number?
True
Let t = 3 - 4. Is 298 + 12/(-3) + t composite?
False
Suppose -696 = k - 4*u, -2*u = k - 4*u + 702. Let g = 995 + k. Is g a prime number?
False
Let q(t) = 2*t - 2. Let u be q(4). Suppose s + u = -s, s + 11 = 4*k. Suppose -23 = -k*x + 23. Is x prime?
True
Suppose 5*f - 11680 = 3*i, -3*f - 5*i + 4254 = -2720. Is f a prime number?
True
Suppose 3*k + 2 = 5. Let z be k/((-2)/(-2)) - -2. Suppose 3*a - 6*a - z*n + 171 = 0, 2*a = 3*n + 94. Is a prime?
True
Let n = -482 - -1155. Is n composite?
False
Let i = -6 + 6. Is i + 75 + (-8)/(-4) composite?
True
Let h(t) = 12. Let d(w) = w - 1. Let k(b) = 18*d(b) + h(b). Let p 